571
Calculate the remainder when 150104 is divided by 10002.
74
Calculate the remainder when 2468 is divided by 567.
200
Calculate the remainder when 6449 is divided by 599.
459
Calculate the remainder when 132143 is divided by 413.
396
What is the remainder when 3265 is divided by 165?
130
What is the remainder when 342 is divided by 36?
18
Calculate the remainder when 68224 is divided by 171.
166
Calculate the remainder when 7447 is divided by 31.
7
Calculate the remainder when 76377 is divided by 1441.
4
What is the remainder when 31231 is divided by 15611?
9
Calculate the remainder when 5069 is divided by 364.
337
Calculate the remainder when 2541074 is divided by 541.
538
What is the remainder when 29576 is divided by 155?
126
Calculate the remainder when 2895 is divided by 330.
255
Calculate the remainder when 29827 is divided by 314.
311
Calculate the remainder when 182193 is divided by 65.
63
Calculate the remainder when 3123 is divided by 3009.
114
Calculate the remainder when 28551 is divided by 484.
479
What is the remainder when 1092 is divided by 817?
275
What is the remainder when 8399 is divided by 200?
199
What is the remainder when 18842 is divided by 856?
10
What is the remainder when 781 is divided by 230?
91
Calculate the remainder when 19664 is divided by 6550.
14
What is the remainder when 55509 is divided by 155?
19
Calculate the remainder when 1327 is divided by 145.
22
Calculate the remainder when 762 is divided by 639.
123
Calculate the remainder when 27595 is divided by 74.
67
Calculate the remainder when 230916 is divided by 358.
6
What is the remainder when 33659 is divided by 229?
225
Calculate the remainder when 1505 is divided by 374.
9
What is the remainder when 2757 is divided by 547?
22
Calculate the remainder when 1664 is divided by 181.
35
What is the remainder when 37203 is divided by 18559?
85
Calculate the remainder when 15462 is divided by 430.
412
What is the remainder when 57329 is divided by 117?
116
Calculate the remainder when 814 is divided by 140.
114
What is the remainder when 6185 is divided by 2885?
415
Calculate the remainder when 167759 is divided by 4793.
4
What is the remainder when 64841 is divided by 172?
169
Calculate the remainder when 23956 is divided by 604.
400
Calculate the remainder when 13791 is divided by 4490.
321
Calculate the remainder when 1437 is divided by 426.
159
What is the remainder when 21718 is divided by 108?
10
What is the remainder when 150100 is divided by 336?
244
Calculate the remainder when 372318 is divided by 1871.
1860
Calculate the remainder when 30571 is divided by 157.
113
What is the remainder when 2634 is divided by 1756?
878
Calculate the remainder when 5597 is divided by 251.
75
Calculate the remainder when 74158 is divided by 309.
307
What is the remainder when 51136 is divided by 117?
7
What is the remainder when 83117 is divided by 27666?
119
What is the remainder when 1553 is divided by 452?
197
What is the remainder when 1348 is divided by 1329?
19
What is the remainder when 1488 is divided by 738?
12
Calculate the remainder when 11985 is divided by 2396.
5
What is the remainder when 3431 is divided by 1596?
239
What is the remainder when 296295 is divided by 4?
3
Calculate the remainder when 4484 is divided by 638.
18
Calculate the remainder when 45880 is divided by 421.
412
Calculate the remainder when 1844 is divided by 609.
17
What is the remainder when 30370 is divided by 4332?
46
What is the remainder when 20880 is divided by 2981?
13
Calculate the remainder when 1640 is divided by 257.
98
What is the remainder when 97889 is divided by 6?
5
Calculate the remainder when 3016081 is divided by 41.
39
Calculate the remainder when 451825 is divided by 75302.
13
What is the remainder when 2880520 is divided by 18?
16
What is the remainder when 60301 is divided by 24?
13
Calculate the remainder when 1128799 is divided by 332.
331
What is the remainder when 1561 is divided by 98?
91
Calculate the remainder when 772253 is divided by 32.
29
Calculate the remainder when 2266 is divided by 32.
26
What is the remainder when 29084 is divided by 288?
284
Calculate the remainder when 25005 is divided by 1245.
105
What is the remainder when 44720 is divided by 20?
0
What is the remainder when 328972 is divided by 241?
7
Calculate the remainder when 449 is divided by 26.
7
What is the remainder when 1213 is divided by 86?
9
Calculate the remainder when 24018 is divided by 25.
18
Calculate the remainder when 2551 is divided by 608.
119
What is the remainder when 4619 is divided by 128?
11
What is the remainder when 5223 is divided by 180?
3
Calculate the remainder when 54586 is divided by 344.
234
Calculate the remainder when 27083 is divided by 15.
8
Calculate the remainder when 661939 is divided by 441.
439
Calculate the remainder when 49008 is divided by 254.
240
Calculate the remainder when 9839 is divided by 2420.
159
What is the remainder when 1465 is divided by 250?
215
What is the remainder when 2544 is divided by 652?
588
What is the remainder when 5420 is divided by 1058?
130
What is the remainder when 6511 is divided by 593?
581
Calculate the remainder when 15854 is divided by 83.
1
What is the remainder when 23905 is divided by 275?
255
What is the remainder when 2695 is divided by 93?
91
Calculate the remainder when 4732 is divided by 37.
33
Calculate the remainder when 1592 is divided by 495.
107
What is the remainder when 40670 is divided by 40660?
10
What is the remainder when 14637 is divided by 822?
663
Calculate the remainder when 4051 is divided by 53.
23
What is the remainder when 6494 is divided by 361?
357
What is the remainder when 146999 is divided by 48995?
14
Calculate the remainder when 1838 is divided by 372.
350
What is the remainder when 4683 is divided by 1543?
54
What is the remainder when 185220 is divided by 823?
45
Calculate the remainder when 2823 is divided by 939.
6
What is the remainder when 108993 is divided by 345?
318
What is the remainder when 5229 is divided by 107?
93
What is the remainder when 2053087 is divided by 181?
4
What is the remainder when 3291 is divided by 157?
151
Calculate the remainder when 3111 is divided by 249.
123
Calculate the remainder when 20483 is divided by 95.
58
Calculate the remainder when 20592 is divided by 2927.
103
Calculate the remainder when 514 is divided by 415.
99
Calculate the remainder when 82446 is divided by 360.
6
What is the remainder when 8434 is divided by 300?
34
Calculate the remainder when 161928 is divided by 125.
53
Calculate the remainder when 10638 is divided by 228.
150
Calculate the remainder when 27924 is divided by 285.
279
Calculate the remainder when 143369 is divided by 135.
134
What is the remainder when 12242 is divided by 6111?
20
What is the remainder when 92864 is divided by 906?
452
Calculate the remainder when 24389 is divided by 393.
23
What is the remainder when 9521 is divided by 3173?
2
What is the remainder when 26505 is divided by 110?
105
What is the remainder when 14859 is divided by 53?
19
What is the remainder when 112727 is divided by 244?
243
Calculate the remainder when 19091 is divided by 18871.
220
What is the remainder when 51195 is divided by 84?
39
What is the remainder when 4760 is divided by 4724?
36
Calculate the remainder when 121945 is divided by 134.
5
Calculate the remainder when 261021 is divided by 24.
21
Calculate the remainder when 19401 is divided by 1731.
360
Calculate the remainder when 86894 is divided by 204.
194
Calculate the remainder when 2792061 is divided by 33.
30
What is the remainder when 61915 is divided by 166?
163
Calculate the remainder when 589234 is divided by 6.
4
What is the remainder when 130020 is divided by 18572?
16
Calculate the remainder when 15785 is divided by 43.
4
Calculate the remainder when 1356 is divided by 1311.
45
Calculate the remainder when 31773 is divided by 158.
15
Calculate the remainder when 261 is divided by 120.
21
Calculate the remainder when 14733 is divided by 444.
81
What is the remainder when 4722346 is divided by 317?
314
What is the remainder when 24382 is divided by 37?
36
Calculate the remainder when 5244 is divided by 89.
82
What is the remainder when 20908 is 